
False
Is 23599 prime?
True
Is 72421 a prime number?
True
Is 28403 a composite number?
False
Is 12759 a prime number?
False
Is 13159 composite?
False
Is 5833 a composite number?
True
Is 5961 prime?
False
Is 97979 composite?
True
Is 25247 composite?
False
Is 239 composite?
False
Is 22927 prime?
False
Is 1637 a prime number?
True
Is 5138791 prime?
False
Is 89431 prime?
True
Is 203641 a composite number?
False
Is 583 a prime number?
False
Is 27769 a prime number?
False
Is 96893 a composite number?
False
Is 162671 a prime number?
True
Is 8501 a composite number?
False
Is 12323 a composite number?
False
Is 20849 a prime number?
True
Is 6049 prime?
False
Is 79087 a composite number?
False
Is 6637 prime?
True
Is 232341 composite?
True
Is 1211 a composite number?
True
Is 7283 a composite number?
False
Is 60269 a prime number?
False
Is 449 a prime number?
True
Is 8653 a composite number?
True
Is 29878 prime?
False
Is 14591 prime?
True
Is 817 composite?
True
Is 488179 composite?
True
Is 2376049 a composite number?
True
Is 4197 composite?
True
Is 94467 a composite number?
True
Is 4315 a prime number?
False
Is 165691 a composite number?
True
Is 121169 a composite number?
False
Is 596959 a prime number?
False
Is 11483 prime?
True
Is 431311 prime?
True
Is 8791 a prime number?
False
Is 23603 prime?
True
Is 33697 a prime number?
False
Is 5507 composite?
False
Is 29105 prime?
False
Is 42797 composite?
False
Is 93011 a composite number?
True
Is 287 composite?
True
Is 87719 a prime number?
True
Is 13019 prime?
False
Is 136083 a prime number?
False
Is 76181 a composite number?
True
Is 15859 a prime number?
True
Is 134153 a prime number?
True
Is 21043 a composite number?
True
Is 17647 a prime number?
False
Is 4609 composite?
True
Is 16603 a prime number?
True
Is 868817 a prime number?
True
Is 42629 a composite number?
True
Is 1768903 a composite number?
False
Is 65167 prime?
True
Is 201011 prime?
True
Is 795437 a composite number?
True
Is 399679 prime?
False
Is 3161413 a composite number?
True
Is 71215 composite?
True
Is 6113 composite?
False
Is 1895601 a prime number?
False
Is 4481 a composite number?
False
Is 162391 prime?
True
Is 59957 a composite number?
False
Is 4321 a composite number?
True
Is 2435 a prime number?
False
Is 11843 a composite number?
True
Is 1949 prime?
True
Is 1090189 a composite number?
False
Is 1151 a prime number?
True
Is 47491 composite?
False
Is 13781 composite?
False
Is 52053 prime?
False
Is 30554 a composite number?
True
Is 21439 prime?
False
Is 1164733 a composite number?
True
Is 68455 a prime number?
False
Is 293 composite?
False
Is 9935 a composite number?
True
Is 611542 a composite number?
True
Is 3671 composite?
False
Is 485347 prime?
True
Is 9743 prime?
True
Is 405851 composite?
True
Is 18701 a prime number?
True
Is 3158 composite?
True
Is 8009 prime?
True
Is 71353 a composite number?
False
Is 1366061 a prime number?
False
Is 8813 a prime number?
False
Is 644191 prime?
True
Is 25909 composite?
True
Is 16969 prime?
False
Is 230729 composite?
False
Is 6731 a prime number?
False
Is 3263114 prime?
False
Is 907 prime?
True
Is 357851 composite?
True
Is 65999 prime?
False
Is 136811 a prime number?
True
Is 2866 composite?
True
Is 26309 prime?
True
Is 714895 a prime number?
False
Is 24547 a composite number?
False
Is 1154 composite?
True
Is 5879 prime?
True
Is 511621 a composite number?
True
Is 79127 prime?
False
Is 30983 composite?
False
Is 1121 a prime number?
False
Is 3507079 a prime number?
True
Is 40087 a prime number?
True
Is 77137 a prime number?
True
Is 2561 a composite number?
True
Is 482633 composite?
False
Is 418069 prime?
True
Is 7691 prime?
True
Is 17042 prime?
False
Is 2371 a prime number?
True
Is 53731 a prime number?
True
Is 4621 a prime number?
True
Is 251555 composite?
True
Is 743 composite?
False
Is 36591 composite?
True
Is 6833 prime?
True
Is 118621 prime?
True
Is 11303 a composite number?
True
Is 809345 prime?
False
Is 137927 a prime number?
True
Is 11405 composite?
True
Is 1169 prime?
False
Is 37337 prime?
True
Is 10789 composite?
False
Is 51743 composite?
True
Is 28011 a prime number?
False
Is 1151747 prime?
True
Is 361051 composite?
True
Is 2777 a composite number?
False
Is 2899 a composite number?
True
Is 230717 prime?
False
Is 224351 a composite number?
False
Is 703 a composite number?
True
Is 2293 composite?
False
Is 16319 a composite number?
False
Is 363353 prime?
False
Is 18607 composite?
True
Is 49721 a prime number?
False
Is 50455 a prime number?
False
Is 58043 a prime number?
True
Is 5261 composite?
False
Is 31561 a prime number?
False
Is 128131 a composite number?
True
Is 24197 a composite number?
False
Is 61127 a composite number?
True
Is 640723 a prime number?
False
Is 18743 a composite number?
False
Is 4001423 a prime number?
False
Is 1982437 a prime number?
True
Is 13639 a composite number?
True
Is 36373 prime?
True
Is 1399 composite?
False
Is 121133 a prime number?
False
Is 75913 composite?
False
Is 54181 a prime number?
True
Is 42821 prime?
True
Is 15567 composite?
True
Is 59809 a composite number?
False
Is 42197 prime?
True
Is 449 prime?
True
Is 27179 a prime number?
True
Is 15557 composite?
True
Is 364885 composite?
True
Is 463093 composite?
False
Is 31769 a prime number?
True
Is 103271 a prime number?
False
Is 4143 a prime number?
False
Is 1973 a prime number?
True
Is 107799 a composite number?
True
Is 25735 prime?
False
Is 181394 a composite number?
True
Is 33121 composite?
True
Is 14089 composite?
True
Is 11197 composite?
False
Is 869 composite?
True
Is 37667 a composite number?
True
Is 15094 prime?
False
Is 22891 a prime number?
False
Is 98783 prime?
False
Is 2611 a prime number?
False
Is 56569 composite?
False
Is 10831 a composite number?
False
Is 17521 a prime number?
False
Is 5017 prime?
False
Is 8983 composite?
True
Is 3791 a prime number?
False
Is 257591 prime?
True
Is 237053 prime?
True
Is 2611 a composite number?
True
Is 17827 prime?
True
Is 290291 a composite number?
True
Is 363799 composite?
False
Is 436991 composite?
True
Is 818891 a prime number?
False
Is 7963 prime?
True
Is 335893 a prime number?
True
Is 61777 a composite number?
True
Is 10871 a composite number?
True
Is 8263 prime?
True
Is 937853 a composite number?
True
Is 204781 prime?
True
Is 10903 a composite number?
False
Is 9611 composite?
True
Is 187823 composite?
False
Is 36481 a prime number?
False
Is 158843 prime?
True
Is 33139 prime?
False
Is 22013 a composite number?
False
Is 4201 composite?
False
Is 506663 a prime number?
True
Is 747737 prime?
True
Is 397867 a composite number?
False
Is 4327 composite?
False
Is 59781 a prime number?
False
Is 25249 composite?
True
Is 851 a prime number?
False
Is 23551 a composite number?
True
Is 486177 prime?
False
Is 28487 prime?
False
Is 91571 a prime number?
True
Is 20873 prime?
True
Is 275299 composite?
False
Is 814171 a prime number?
True
Is 10771 composite?
False
Is 2237 prime?
True
Is 97401 a prime number?
False
Is 34053 prime?
False
Is 57899 a prime number?
True
Is 1016891 a composite number?
False
Is 9813 prime?
False
Is 2101 prime?
False
Is 62173 a composite number?
True
Is 41523 a prime number?
False
Is 66211 a prime number?
False
Is 480707 prime?
True
Is 3086353 prime?
True
Is 146887 a composite number?
True
Is 4193 prime?
False
Is 32179 composite?
True
Is 27049 prime?
False
Is 62857 composite?
True
Is 30581 a composite number?
True
Is 913973 composite?
True
Is 30739 prime?
False
Is 10313 prime?
True
Is 32327 prime?
True
Is 31531 a prime number?
True
Is 4677 prime?
False
Is 45685 prime?
False
Is 8279 prime?
False
Is 177863 a composite number?
True
Is 53479 a prime number?
True
Is 52774 a prime number?
False
Is 28993 a prime number?
False
Is 35251 a composite number?
False
Is 1819 prime?
False
Is 1753 a composite number?
False
Is 69191 composite?
False
Is 516063 a prime number?
False
Is 26354 prime?
False
Is 145313 composite?
True
Is 2893253 a composite number?
True
Is 977 a composite number?
False
Is 186259 a prime number?
True
Is 397 a prime number?
True
Is 183059 composite?
False
Is 100709 a prime number?
False
Is 31013 a composite number?
False
Is 3019 composite?
False
Is 4637 a composite number?
False
Is 115841 a prime number?
False
Is 20074 a composite number?
True